519?
123
What is the remainder when 442680 is divided by 1247?
1242
What is the remainder when 109507 is divided by 2546?
29
What is the remainder when 469 is divided by 11?
7
Calculate the remainder when 2858 is divided by 177.
26
What is the remainder when 33189 is divided by 18?
15
Calculate the remainder when 20128 is divided by 6703.
19
Calculate the remainder when 28389 is divided by 15.
9
What is the remainder when 81276 is divided by 352?
316
What is the remainder when 43234 is divided by 424?
410
Calculate the remainder when 30744 is divided by 1097.
28
What is the remainder when 37557 is divided by 39?
0
Calculate the remainder when 1901001 is divided by 633666.
3
Calculate the remainder when 20534 is divided by 363.
206
What is the remainder when 19542 is divided by 424?
38
What is the remainder when 29488 is divided by 1807?
576
Calculate the remainder when 31141 is divided by 5187.
19
What is the remainder when 36006 is divided by 1171?
876
What is the remainder when 3283 is divided by 997?
292
What is the remainder when 345355 is divided by 12?
7
Calculate the remainder when 8782 is divided by 2193.
10
Calculate the remainder when 5529 is divided by 231.
216
What is the remainder when 1057451 is divided by 37?
28
What is the remainder when 22491 is divided by 147?
0
What is the remainder when 20762 is divided by 21?
14
What is the remainder when 6775 is divided by 1348?
35
What is the remainder when 37221 is divided by 3718?
41
What is the remainder when 61833 is divided by 1374?
3
Calculate the remainder when 1098 is divided by 193.
133
Calculate the remainder when 5484 is divided by 231.
171
Calculate the remainder when 3476094 is divided by 50.
44
What is the remainder when 5569899 is divided by 1526?
1525
What is the remainder when 5323 is divided by 51?
19
What is the remainder when 17931 is divided by 484?
23
What is the remainder when 4998 is divided by 7?
0
What is the remainder when 4797 is divided by 864?
477
What is the remainder when 2038 is divided by 667?
37
Calculate the remainder when 1636451 is divided by 343.
341
What is the remainder when 628066 is divided by 1994?
1950
What is the remainder when 15364 is divided by 183?
175
Calculate the remainder when 5629 is divided by 250.
129
What is the remainder when 319022 is divided by 508?
506
Calculate the remainder when 547071 is divided by 307.
304
What is the remainder when 293846 is divided by 457?
452
Calculate the remainder when 1448 is divided by 427.
167
Calculate the remainder when 1265 is divided by 249.
20
Calculate the remainder when 7787 is divided by 448.
171
Calculate the remainder when 4235 is divided by 473.
451
What is the remainder when 22281 is divided by 599?
118
What is the remainder when 5969389 is divided by 1609?
1608
Calculate the remainder when 1805 is divided by 95.
0
Calculate the remainder when 2693 is divided by 120.
53
What is the remainder when 748 is divided by 711?
37
Calculate the remainder when 175 is divided by 97.
78
Calculate the remainder when 925567 is divided by 14.
13
What is the remainder when 76837 is divided by 12806?
1
Calculate the remainder when 4992 is divided by 251.
223
Calculate the remainder when 208683 is divided by 104326.
31
Calculate the remainder when 188894 is divided by 32.
30
What is the remainder when 11836 is divided by 2954?
20
What is the remainder when 1610 is divided by 478?
176
Calculate the remainder when 42303 is divided by 25.
3
What is the remainder when 134618 is divided by 53?
51
Calculate the remainder when 33840 is divided by 1472.
1456
Calculate the remainder when 152186 is divided by 152177.
9
Calculate the remainder when 33676 is divided by 11224.
4
What is the remainder when 1988 is divided by 315?
98
Calculate the remainder when 7663 is divided by 1377.
778
What is the remainder when 212192 is divided by 2792?
0
What is the remainder when 314 is divided by 31?
4
Calculate the remainder when 524108 is divided by 542.
536
What is the remainder when 368931 is divided by 46116?
3
What is the remainder when 2072755 is divided by 1502?
1497
Calculate the remainder when 1136337 is divided by 1136337.
0
Calculate the remainder when 103991 is divided by 214.
201
What is the remainder when 7826 is divided by 201?
188
Calculate the remainder when 86 is divided by 39.
8
Calculate the remainder when 264310 is divided by 57.
1
Calculate the remainder when 3747 is divided by 934.
11
What is the remainder when 25078 is divided by 110?
108
Calculate the remainder when 305120 is divided by 50852.
8
What is the remainder when 56668 is divided by 616?
612
What is the remainder when 96298 is divided by 512?
42
What is the remainder when 631 is divided by 168?
127
Calculate the remainder when 1910 is divided by 519.
353
Calculate the remainder when 28890 is divided by 205.
190
What is the remainder when 184630 is divided by 62?
56
Calculate the remainder when 21695 is divided by 140.
135
Calculate the remainder when 37729 is divided by 539.
538
What is the remainder when 793 is divided by 588?
205
What is the remainder when 40161 is divided by 371?
93
Calculate the remainder when 447 is divided by 20.
7
What is the remainder when 1219171 is divided by 11?
8
Calculate the remainder when 851 is divided by 170.
1
Calculate the remainder when 51091 is divided by 287.
5
Calculate the remainder when 4145 is divided by 2069.
7
What is the remainder when 42902 is divided by 459?
215
What is the remainder when 771 is divided by 400?
371
Calculate the remainder when 273033 is divided by 5.
3
What is the remainder when 12507634 is divided by 1871?
1870
What is the remainder when 104348 is divided by 8023?
49
What is the remainder when 6731 is divided by 2239?
14
What is the remainder when 3343365 is divided by 168?
165
Calculate the remainder when 25342 is divided by 128.
126
Calculate the remainder when 1023 is divided by 187.
88
What is the remainder when 3584 is divided by 884?
48
Calculate the remainder when 149598 is divided by 85.
83
Calculate the remainder when 5118 is divided by 255.
18
What is the remainder when 134281 is divided by 41?
6
What is the remainder when 18424 is divided by 542?
538
What is the remainder when 235814 is divided by 8?
6
What is the remainder when 151941 is divided by 78?
75
Calculate the remainder when 69923 is divided by 39.
35
Calculate the remainder when 82902 is divided by 171.
138
What is the remainder when 2602 is divided by 163?
157
Calculate the remainder when 2168 is divided by 431.
13
What is the remainder when 427186 is divided by 2441?
11
Calculate the remainder when 17146 is divided by 5713.
7
What is the remainder when 108020 is divided by 706?
2
What is the remainder when 92975 is divided by 18594?
5
Calculate the remainder when 32568 is divided by 10811.
135
Calculate the remainder when 1011651 is divided by 93.
90
What is the remainder when 412235 is divided by 7?
5
What is the remainder when 62602 is divided by 31298?
6
What is the remainder when 10692 is divided by 506?
66
Calculate the remainder when 10463 is divided by 113.
67
What is the remainder when 2090 is divided by 209?
0
What is the remainder when 39957 is divided by 63?
15
What is the remainder when 89202 is divided by 29730?
12
Calculate the remainder when 1353 is divided by 425.
78
What is the remainder when 82082 is divided by 82079?
3
What is the remainder when 11805 is divided by 5760?
285
Calculate the remainder when 94821 is divided by 217.
209
What is the remainder when 1561 is divided by 86?
13
Calculate the remainder when 12142 is divided by 337.
10
What is the remainder when 11894 is divided by 7?
1
Calculate the remainder when 12650 is divided by 431.
151
What is the remainder when 91363 is divided by 502?
501
Calculate the remainder when 1803 is divided by 58.
5
Calculate the remainder when 9553 is divided by 3175.
28
What is the remainder when 86351 is divided by 1252?
1215
Calculate the remainder when 2797 is divided by 783.
448
Calculate the remainder when 218846 is divided by 1183.
1174
Calculate the remainder when 11 is divided by 6.
5
What is the remainder when 42129 is divided by 77?
10
What is the remainder when 6406 is divided by 1582?
78
What is the remainder when 17640 is div